-1 + -6 + -5 + 12 + -4.
-9
6 + -10 - ((-15 - -11) + -4 + 0)
4
Calculate 721 + -699 + (-7 - -1).
16
What is the value of 399 + -389 - (0 + 20)?
-10
Calculate -1 + -15 + 44 + -21 + -29.
-22
What is the value of (-157 - -163) + 7 + -1 + 9?
21
What is 2 + (20 - 1 - (31 - 26))?
16
Evaluate -23 - ((-1 - 10) + 4 - (-8 + -1)).
-25
What is (3 - -1 - -1) + -4134 + 4118?
-11
Calculate 11 + ((-7 - 6) + 11 - 2).
7
Evaluate -11 + -13 + (10 + -11 - -4).
-21
What is 390 + -367 + -1 + -7 + (6 - 3)?
18
Calculate -1 + -9 - (-6 - (-10 - (2 + -11))).
-5
Calculate -7 - (-6 + 2 + -16).
13
1 + -7 + (-5 - -9) + (7 - 10)
-5
What is (-44 + 11 - -25) + -14?
-22
What is the value of 19 + (-16 - -19) + -2?
20
Calculate (-10 - -7) + -7 + 3 + (0 - -8).
1
What is -7 + (31 + -68 - (-2 + -15))?
-27
Evaluate -195 + 199 + (6 - -1).
11
What is 154 - 161 - (6 - (-1 + 0))?
-14
Evaluate (-14 - -22) + -41 + (-8 + 4 - -4).
-33
What is 19 + (15 - 13) + -2?
19
Calculate -3 + ((20 - -2) + (-8 - -13) - 1).
23
What is the value of 662 + -661 - (-2 - ((-2 - -5) + -11))?
-5
What is the value of -5 + ((5 - -1) + -1 - -1) - -1?
2
(-195 - -214) + -1 + -9
9
What is 16 + 15 + -1 + -30 + -22?
-22
What is 4 + -12 + (17 - 2)?
7
Calculate (24 - (3 - -11)) + 1.
11
What is the value of (-3 - (1 + 2 - 8)) + 3?
5
Calculate -1 + -6 + (3 - -6) + 8 + -1.
9
Evaluate (-18 - -57) + 2 + -20 + -3.
18
Evaluate 24 + (-9 - -6) + -5 + 0 + -7.
9
Evaluate -185 - -205 - (2 - -34).
-16
What is (-2 + 39 - 42) + (2 - 0) + -7?
-10
What is the value of 1 + 5 + -2 + 0 + (-277 - -270)?
-3
Calculate 1 - -26 - ((-3 - -5) + 7).
18
Calculate (0 - -1) + -47 + -15 + 79.
18
Evaluate -9 - ((5 - 7) + -9) - 9.
-7
Calculate 4 - (-5 - -24) - (1 + 4).
-20
Evaluate (-7 - -16) + (-2 + 9 - 12).
4
Evaluate -14 + (8 - (-8 - -10)) - 2.
-10
What is the value of (6 - -1) + (244 + -230 - (25 - -1))?
-5
-1 - (11 + -15 - -10) - (0 + -3)
-4
-4 - (16 - -4) - (15 + -26)
-13
What is 39 - ((23 - 9) + -9) - 13?
21
10 + 26 + -71 + 36
1
What is 3 - ((-7 - -5) + 4 - 7)?
8
Evaluate (23 - (7 - 4)) + (21 - 7 - 15).
19
-27 + 35 - (-3 + (-2 - -3))
10
-11 + 1 - (468 - 487)
9
What is the value of 24 - 7 - (107 + -65)?
-25
Evaluate -12 + (-4 - (-3 + -2)) - (6 + 1).
-18
Evaluate -4 + 4 + 5 + (-2 - -5) - 1.
7
What is 11 - (25 + (-3 - 7 - -11))?
-15
What is (-5 - (-33 + 6 - -12)) + (-1 - 4)?
5
Evaluate 9 + -36 + 31 + 24.
28
What is the value of -3 - (-17 - -15) - (-2 + 3)?
-2
What is the value of 36 + (-5 - -28) + -33?
26
What is 0 - 2 - (7 + -11 - -8)?
-6
5 + (19 - 15) + -12
-3
What is -15 + 11 + 21 - (4 - 2)?
15
What is the value of 4 + (6 + 7 + -7 - 12) - -14?
12
What is the value of 11 + (-12 - (10 + -18))?
7
Evaluate 5 - (-11 + 5 - -5 - 8).
14
4 + 0 + -4 - (-16 + -1 - 0)
17
Calculate 6 + (-24 - (0 - -7 - 16)).
-9
What is 1329 - 1316 - (17 + (-1 - -2))?
-5
6 + -8 + 13 + -7 - 10 - -4
-2
Calculate -20 + -5 + -4 + 4 - (1 + 5).
-31
Evaluate -110 + 92 + -11 + 0 + 4.
-25
Calculate (23 - (2 + -5 + 13)) + -8.
5
What is the value of (7 - -2) + (4 - 8 - -3) + 11?
19
Calculate (1675 - 1666) + (-1 - (-2 - 1) - 10).
1
Calculate (23 - 11) + -13 + 8 + 1 + -31.
-23
-9 + -8 + 2 + -24
-39
Evaluate -3 - (-23 - (-7 + 3)).
16
Evaluate -8 + (-14 - 5) - -33.
6
Evaluate -20 + (-25 - -45) + -4.
-4
Calculate -8 - (-6 + (36 + 1 - 16)).
-23
Evaluate 5 + -7 + 8 + -25.
-19
What is 3 - -1 - (17 + -16)?
3
Evaluate 2 + 4 - ((-27 - -14) + 29 + -26).
16
Evaluate 6 - (-22 + 15 + (-2 - 3)).
18
Evaluate -31 + 1 - -25 - 16.
-21
What is the value of (-1 - -8) + 36 + -36?
7
Calculate (-2 - 12) + 23 - (2 - 6).
13
Calculate 4 + (4 - (-5 + 7 + -5)).
11
Calculate 12 - (33 - (29 - 29)).
-21
1892 + -1883 + (0 + -1 - (1 + 11))
-4
What is 17 + 39 - (57 + -19)?
18
What is -32 + 28 + -15 - -44?
25
(5 - 23 - -17) + 16
15
(0 - 1 - 7) + (-70 + 26 - -51)
-1
What is -24 + 27 + -1 - (0 - -9)?
-7
What is -7 + (-14 - -10) + 3 + (1 - -1)?
-6
-20 - (-43 + 38) - (-28 - 2)
15
(0 - (-34 + 4 + 5) - 5) + -9
11
What is (-17 + 5 - -11 - -11) + -13?
-3
Evaluate 4 - (45 - ((-9 + 4 - -4) + 9)).
-33
What is -6 + -45 + (14 - -20)?
-17
Evaluate 9 + (6 + (-3 - 0) - 4) - 6.
2
-18 + 6 - ((1 - -5) + -2 + 0)
-16
What is (-27 - -33) + -8 - (11 + 1)?
-14
(8 - (-9 + 13) - -1) + -6
-1
(18 - (32 - 6)) + 21
13
What is the value of (3 - (1 - -12)) + -1 + -13?
-24
What is the value of -23 + (4 - (-24 + 17))?
-12
-5 + (-4 + (2 - -3) - -3) + -5
-6
Calculate -2 + 0 + -19 + 2304 + -2311.
-28
0 + (-6 - 0) + 19 + 3 + 3
19
Evaluate -8 + -4 + (27 - 1).
14
Evaluate 2 + -1 - 9 - (73 + -93).
12
What is the value of -2 + 1 + 147 + -142?
4
Calculate (1 - -2) + -185 + 184.
2
What is the value of 7 - (-11 - (-12 + 5 + -7))?
4
Evaluate 6 - (54 + -52 + 0 + -9).
13
What is the value of 7 + (-2 - (2 - (4 - -5)))?
12
(-1 - -6) + (-20 - 3) + 15 + -10
-13
Calculate -29 + (11 - -1) + (-3 - -2).
-18
(8 - (4 - -3)) + -3 + 3 + 7
8
Evaluate (5 - 3) + 1 + (8 - (-3 + -8)).
22
Evaluate (0 - (-21 - -9)) + -3 + 0 + 0.
9
Evaluate (5 - -2) + (15 - 21 - -11).
12
What is the value of 39 + -2 + -7 + -2 + -1?
27
What is the value of -13 + 9 + 57 + -58?
-5
(-4 + 0 - -16) + (-17 - -13) - -3
11
What is -13 - (-23 + 13 - 8 - -7)?
-2
What is 9 + 1 + (9 - 6) - -17?
30
What is the value of 0 - (-47 - -48 - (0 - -14))?
13
(86 - 75) + (-6 - 2 - -17)
20
Evaluate -92 + 99 - (5 + 2).
0
Calculate -14 - -18 - -14 - (-5 - -5) - -7.
25
What is the value of 5 + -8 - -13 - 22?
-12
What is the value of 15 + 2 + (51 - 50)?
18
Calculate -30 + (-23 - -30) + 32.
9
Evaluate 8 - (9 - -1) - (9 + 0 + 1).
-12
What is 1 + 1 + (0 + -12 - (46 - 61))?
5
Calculate 5 + 0 + 6 + -16.
-5
Calculate -4 - 0 - (9 - (30 - (22 + -11))).
6
What is -10 + 10 + -6 - (-5 - -1)?
-2
Evaluate -8 - 1 - (-338 - -342).
-13
2 - 14 - (-7 + 3 - (27 + -25))
-6
Calculate -6 + 0 + (-26 + 1 - -22).
-9
What is 15 - 2 - (6 + -11 - -3)?
15
What is 24 - (-3 - (-22 + -13))?
-8
What is (3 - 15) + 119 + -123 + 1?
-15
What is the value of 4 + (-12 - (2 + -18)) + -28 - 2?
-22
What is -2 + 7 + (3 + -19 - 0) + 3?
-8
0 + 6 + 11 + -15 + -3 + -6
-7
What is the value of -1 + 3 - (164 + -166)?
4
What is (2 - (-7 + (3 - (-5 - -4)))) + -5?
0
-24 - (-23 - (-10 + 21))
10
Calculate 11 - ((2 + -9 + 17 - 8) + -20).
29
What is the value of 2 + -6 + (8 - 0) - (2 + -4)?
6
-19 - -21 - (6 + -15) - -7
18
What is the value of 0 + 4 + 24 + -7?
21
What is 7 + -2 - (-201 - -203)?
3
What is (29 - (50 + -20)) + -1?
-2
Evaluate (-26 - -4) + 9 - -21.
8
Calculate -5 + 82 + -71 + (-6 - -1).
1
4 + (14 + 1 - -1) + (-1 - 2)
17
What is the value of -6 - -31 - (13 + -19 - -16)?
15
Evaluate (-6 + -10 - -6) + (0 - -4).
-6
(9 + -5 - 31) + 25
-2
Calculate 9 - (4 + (2 - (8 - 3))) - -2.
10
Evaluate -27 + 32 + 1 - 3.
3
What is the value of 27 + -2 - 97 - -43?
-29
What is 9 + -7 + (10 - 14) + 26?
24
Evaluate (-4 - -6) + -18 - -27 - (0 + 29).
-18
Calculate 29 + -10 + 17 + 0 + -15.
21
Evaluate 1 - (6 + 0 + 5).
-10
What is (6 - -6) + (-34 - -36) + 13?
27
What is the value of 22 + (33 - 15) - 30?
10
What is 19 + (10 - 22) + -12?
-5
(-22 + 28 - 39) + 55
22
What is the value of (23 - 24) + -9 + 4 + 1 + -9?
-14
Evaluate -60 + -36 + 62 - -57.
23
What is -14 - (11 + -24) - (0 - 8)?
7
Calculate (-8 - 0) + (-63 - -29 - -27).
-15
Evaluate -2 + -17 + (-47 - -71).
5
Calculate (-28 - -61 - 38) + 0 + -6.
-11
Calculate -13 + (-5 - (11 + -18) - -1) - -41.
31
Calculate -156 - -182 - (8 + -3).
21
(18 - 26) + (0 - -1) + (1 - 3)
-9
Evaluate (-22 - -5) + 48 + -50 + (5 - 1).
-15
What is the value of -3 - -37 - (23 + 4)?
7
What is the value of -474 + 443 + 0 + 18?
-13
1 - -2 - 2 - (-3 - (-9 - -9))
4
What is -1 - -2 - (5 + -41 - -56)?
-19
What is the value of -12 + 15 + (-11 + (-3 - -3) - -7)?
-1
What is 19 + -1 + 2 + (-3 - -21) + -22?
16
What is -2 + -4 - (-70 + 113 - 81)?
32
20 - 9 - 11 - (-16 - 6)
22
Evaluate -4 - (0 + 6 - (109 + -101)).
-2
What is the value of -1 + 24 - (21 + -38 - -21 - -5)?
14
-11 + (-8 - 3 - (-9 + 0))
-13
What is -4 - (-7 + 9 + -7 + 1)?
0
Evaluate 16 + -12 - 7 - -6.
3
Calculate -7 - 38 - -42 - (13 + 1).
-17
Evaluate -26 + (19 - -7) + 4.
4
9 - ((36 - 30) + (-2 - 2))
7
What is 13 + -34 + (-2 - -5)?
-18
Evaluate -187 + 208 + -1 + -11.
9
Calculate (-8 - -13) + (0 - 3) + -8 + 11.
5
Calculate 1 + -1 + 0 + -1 + -5 - -6.
0
Calculate 39 + (5 + 5 + 3 - 19).
33
(5 - -19) + -18 + 0
6
What is the value of 25 